2 a composite number?
True
Is 7981 a prime number?
False
Is 12895 prime?
False
Is 56617 composite?
True
Is 976729 a prime number?
False
Is 1087417 prime?
False
Is 51539 prime?
True
Is 37033 prime?
False
Is 137173 prime?
False
Is 6731 composite?
True
Is 1741319 composite?
False
Is 38431 a composite number?
False
Is 497635 composite?
True
Is 58727 prime?
True
Is 10717 a composite number?
True
Is 4421 composite?
False
Is 420671 a composite number?
False
Is 2163569 prime?
True
Is 1264079 a composite number?
True
Is 71581 a composite number?
True
Is 1571 a composite number?
False
Is 26339 composite?
False
Is 39205 composite?
True
Is 130001 prime?
False
Is 1588613 composite?
True
Is 12781 prime?
True
Is 3037 prime?
True
Is 20209 prime?
False
Is 291 a prime number?
False
Is 210619 prime?
True
Is 21139 a prime number?
True
Is 166507 a composite number?
True
Is 5731 composite?
True
Is 43603 a prime number?
False
Is 11893 a prime number?
False
Is 2927 a prime number?
True
Is 49571 a prime number?
False
Is 248167 composite?
False
Is 4553 a composite number?
True
Is 2189 composite?
True
Is 61979 prime?
True
Is 804823 a composite number?
False
Is 49727 prime?
True
Is 175901 a prime number?
False
Is 186331 a prime number?
False
Is 113857 a composite number?
True
Is 337013 a composite number?
False
Is 78401 prime?
True
Is 1409227 a prime number?
True
Is 13047 a composite number?
True
Is 9121 prime?
False
Is 5067809 prime?
True
Is 47933 prime?
True
Is 101933 prime?
False
Is 376591 composite?
True
Is 17639 a composite number?
True
Is 51549 a prime number?
False
Is 35353 prime?
True
Is 35353 a composite number?
False
Is 1511 a prime number?
True
Is 47681 a composite number?
False
Is 135571 a prime number?
True
Is 859031 composite?
False
Is 392039 a prime number?
False
Is 18023 a prime number?
False
Is 172279 prime?
True
Is 2281 composite?
False
Is 331377 a composite number?
True
Is 64871 composite?
False
Is 37747 prime?
True
Is 52379 a prime number?
True
Is 5297 a prime number?
True
Is 9637 prime?
False
Is 255497 composite?
True
Is 18211 a composite number?
False
Is 208621 prime?
False
Is 88337 composite?
False
Is 379273 a composite number?
False
Is 29734 a prime number?
False
Is 1903 a composite number?
True
Is 5021 composite?
False
Is 124295 a prime number?
False
Is 420031 a prime number?
False
Is 2139431 composite?
True
Is 10961 prime?
False
Is 3389 prime?
True
Is 464351 a composite number?
False
Is 2719 a composite number?
False
Is 138101 composite?
False
Is 10361 composite?
True
Is 38393 prime?
True
Is 320339 prime?
True
Is 23185 a composite number?
True
Is 12247 a prime number?
False
Is 6031 a prime number?
False
Is 29229 composite?
True
Is 21959 a prime number?
False
Is 1006697 prime?
False
Is 36647 a composite number?
True
Is 20738 a composite number?
True
Is 4441 composite?
False
Is 453329 prime?
True
Is 117809 a prime number?
True
Is 6139 composite?
True
Is 1343 composite?
True
Is 2257 composite?
True
Is 25229 prime?
True
Is 497563 prime?
False
Is 1913923 prime?
False
Is 36483 a composite number?
True
Is 438467 a composite number?
False
Is 162593 a prime number?
True
Is 26557 prime?
True
Is 29041 composite?
True
Is 83179 a prime number?
False
Is 650639 a prime number?
False
Is 1555 a composite number?
True
Is 13211 a composite number?
True
Is 48383 prime?
True
Is 1721 composite?
False
Is 238897 a prime number?
True
Is 1122161 a composite number?
True
Is 294629 prime?
True
Is 6173 a composite number?
False
Is 839 composite?
False
Is 482819 composite?
False
Is 6007 composite?
False
Is 45863 a composite number?
False
Is 291779 prime?
True
Is 8053 a prime number?
True
Is 841097 composite?
False
Is 9109 a composite number?
False
Is 6595 composite?
True
Is 7703 a composite number?
False
Is 4871 composite?
False
Is 73703 composite?
True
Is 31967 composite?
True
Is 81611 a prime number?
True
Is 33137 prime?
False
Is 26083 prime?
True
Is 97649 a composite number?
False
Is 396833 composite?
False
Is 12643 prime?
False
Is 1737311 a prime number?
True
Is 33703 a composite number?
False
Is 52315 prime?
False
Is 26291 a prime number?
False
Is 1116209 composite?
False
Is 990607 a prime number?
False
Is 9569 prime?
False
Is 24861 prime?
False
Is 24809 a prime number?
True
Is 56501 a composite number?
False
Is 1839 prime?
False
Is 16921 prime?
True
Is 587 a composite number?
False
Is 270721 prime?
False
Is 1397189 composite?
False
Is 331739 a prime number?
True
Is 54151 a prime number?
True
Is 588037 composite?
False
Is 121883 a prime number?
True
Is 25009 a composite number?
True
Is 58381 a composite number?
True
Is 10599 a prime number?
False
Is 26387 composite?
False
Is 92893 composite?
False
Is 13499 composite?
False
Is 7477 composite?
False
Is 26303 prime?
False
Is 18493 a composite number?
False
Is 47129 a prime number?
True
Is 1503627 a composite number?
True
Is 32167 a composite number?
True
Is 215599 a prime number?
False
Is 203531 a prime number?
True
Is 141157 a composite number?
False
Is 200569 a prime number?
True
Is 47303 a prime number?
True
Is 403037 prime?
True
Is 31163 a prime number?
False
Is 1361 prime?
True
Is 4189 prime?
False
Is 341729 composite?
False
Is 1309207 composite?
False
Is 46337 a composite number?
False
Is 163973 a composite number?
False
Is 41641 composite?
False
Is 5549 composite?
True
Is 2939 prime?
True
Is 32543 composite?
True
Is 1009 prime?
True
Is 3341 a composite number?
True
Is 38219 prime?
True
Is 12511 prime?
True
Is 21479 prime?
False
Is 733937 prime?
True
Is 17077 a prime number?
True
Is 174197 composite?
False
Is 4109 composite?
True
Is 3797 prime?
True
Is 190699 a composite number?
False
Is 62371 composite?
True
Is 55749 a composite number?
True
Is 87931 a composite number?
False
Is 7169 prime?
False
Is 95582 a prime number?
False
Is 782695 a prime number?
False
Is 121405 a prime number?
False
Is 8101 a prime number?
True
Is 2629 a composite number?
True
Is 398759 prime?
True
Is 18329 a composite number?
False
Is 5167 prime?
True
Is 2501 composite?
True
Is 4666 a composite number?
True
Is 14183 a composite number?
True
Is 29077 prime?
True
Is 221905 a composite number?
True
Is 141779 composite?
True
Is 16367 a prime number?
False
Is 39799 composite?
False
Is 7041 prime?
False
Is 2038 a prime number?
False
Is 249737 composite?
False
Is 8033 composite?
True
Is 5779 a composite number?
False
Is 121169 prime?
True
Is 424223 a composite number?
False
Is 1507 prime?
False
Is 593863 prime?
True
Is 119506 prime?
False
Is 2304803 a composite number?
False
Is 617989 prime?
False
Is 568237 a composite number?
False
Is 3277 composite?
True
Is 552661 a prime number?
False
Is 9649 prime?
True
Is 3989 a composite number?
False
Is 6779 a prime number?
True
Is 436993 composite?
False
Is 38987 a composite number?
True
Is 43226 a prime number?
False
Is 3270343 prime?
True
Is 4259 composite?
False
Is 6999 composite?
True
Is 165673 composite?
False
Is 1208089 prime?
True
Is 2203 a composite number?
False
Is 1378153 prime?
False
Is 6323 composite?
False
Is 149 composite?
False
Is 14114 prime?
False
Is 76579 composite?
False
Is 72951 prime?
False
Is 17519 composite?
False
Is 2309 prime?
True
Is 114031 composite?
False
Is 12421 composite?
False
Is 157882 a prime number?
False
Is 1232909 a prime number?
True
Is 9637 a prime number?
False
Is 68422 composite?
True
Is 127031 a prime number?
True
Is 353329 a prime number?
True
Is 8573 a prime number?
True
Is 6218 composite?
True
Is 182159 composite?
False
Is 110645 a composite number?
True
Is 12979 a prime number?
True
Is 523997 a prime number?
True
Is 23147 prime?
False
Is 1138117 composite?
False
Is 20089 composite?
False
Is 357517 a composite number?
False
Is 26977 a prime number?
False
Is 19031 a prime number?
True
Is 505819 a composite number?
False
Is 818897 a prime number?
True
Is 409 composite?
False
Is 1624349 a composite number?
False
Is 479 composite?
False
Is 560003 a composite number?
True
Is 106999 a prime number?
False
Is 3353 a composite number?
True
Is 6155 a prime number?
False
Is 27179 composite?
False
Is 5557 a composite number?
False
Is 6467 composite?
True
Is 61813 composite?
False
Is 192877 prime?
True
Is 27053 a composite number?
True
Is 9865 prime?
False
Is 156413 prim